{"id":350,"date":"2022-11-21T12:29:14","date_gmt":"2022-11-21T11:29:14","guid":{"rendered":"http:\/\/therapieparlejeu.org\/?page_id=350"},"modified":"2022-12-01T18:12:18","modified_gmt":"2022-12-01T17:12:18","slug":"media-creatifs","status":"publish","type":"page","link":"https:\/\/therapieparlejeu.org\/index.php\/media-creatifs\/","title":{"rendered":"M\u00e9dias cr\u00e9atifs"},"content":{"rendered":"<h2>Les m\u00e9dias du jeu et des arts cr\u00e9atifs<\/h2>\n<p>Notre formation a pour objectif la ma\u00eetrise de l&#8217;utilisation d&#8217;une palette large et vari\u00e9e, car elle permet \u00e0 chaque enfant de personnalit\u00e9 et de\u00a0sensibilit\u00e9 uniques de trouver son int\u00e9r\u00eat propre.<\/p>\n<p><strong><img decoding=\"async\" loading=\"lazy\" class=\"alignleft wp-image-550 size-medium\" src=\"http:\/\/therapieparlejeu.org\/wp-content\/uploads\/2022\/11\/sandplay-resource-300x140.jpeg\" alt=\"\" width=\"300\" height=\"140\" srcset=\"https:\/\/therapieparlejeu.org\/wp-content\/uploads\/2022\/11\/sandplay-resource-300x140.jpeg 300w, https:\/\/therapieparlejeu.org\/wp-content\/uploads\/2022\/11\/sandplay-resource.jpeg 750w\" sizes=\"(max-width: 300px) 100vw, 300px\" \/>o Jeu de sable<\/strong><br \/>\nLe jeu de sable est un processus symbolique cr\u00e9atif qui permet aux symboles d\u2019\u00eatre\u00a0tenus, boug\u00e9s et transform\u00e9s. C\u2019est un moyen pour les enfants de donner une voix \u00e0\u00a0leurs symboles, \u00e0 mener un dialogue interne et externe avec eux-m\u00eames.<\/p>\n<p>&nbsp;<\/p>\n<p>&nbsp;<\/p>\n<p><strong><img decoding=\"async\" loading=\"lazy\" class=\"alignleft wp-image-548 size-medium\" src=\"http:\/\/therapieparlejeu.org\/wp-content\/uploads\/2022\/11\/clay--300x209.jpeg\" alt=\"\" width=\"300\" height=\"209\" srcset=\"https:\/\/therapieparlejeu.org\/wp-content\/uploads\/2022\/11\/clay--300x209.jpeg 300w, https:\/\/therapieparlejeu.org\/wp-content\/uploads\/2022\/11\/clay--768x534.jpeg 768w, https:\/\/therapieparlejeu.org\/wp-content\/uploads\/2022\/11\/clay-.jpeg 800w\" sizes=\"(max-width: 300px) 100vw, 300px\" \/>o Argile<\/strong><br \/>\nL\u2019argile a une qualit\u00e9 \u00e9l\u00e9mentaire de base et peut \u00eatre utilis\u00e9e pour le jeu\u00a0d\u00e9sordonn\u00e9\u00a0(messy play) ainsi que pour l\u2019expression symbolique sophistiqu\u00e9e. Il permet\u00a0un travail tridimensionnel qui peut \u00eatre moul\u00e9 et modifi\u00e9, ayant ainsi plus de flexibilit\u00e9,\u00a0parfois plus de r\u00e9alit\u00e9, que la peinture ou le dessin.<\/p>\n<p>&nbsp;<\/p>\n<p>&nbsp;<\/p>\n<p>&nbsp;<\/p>\n<p><strong><img decoding=\"async\" loading=\"lazy\" class=\"alignleft wp-image-570 size-medium\" src=\"http:\/\/therapieparlejeu.org\/wp-content\/uploads\/2022\/11\/painting-300x200.png\" alt=\"\" width=\"300\" height=\"200\" srcset=\"https:\/\/therapieparlejeu.org\/wp-content\/uploads\/2022\/11\/painting-300x200.png 300w, https:\/\/therapieparlejeu.org\/wp-content\/uploads\/2022\/11\/painting.png 422w\" sizes=\"(max-width: 300px) 100vw, 300px\" \/>o Art cr\u00e9atif (peinture, dessin)<\/strong><br \/>\nLa valeur th\u00e9rapeutique de l\u2019art est reconnue depuis longtemps dans l\u2019histoire. Les\u00a0enfants projettent inconsciemment certains aspects d\u2019eux-m\u00eames dans la cr\u00e9ation\u00a0artistique.<\/p>\n<p>&nbsp;<\/p>\n<p>&nbsp;<\/p>\n<p>&nbsp;<\/p>\n<p><strong><img decoding=\"async\" loading=\"lazy\" class=\"alignleft wp-image-549 size-medium\" src=\"http:\/\/therapieparlejeu.org\/wp-content\/uploads\/2022\/11\/puppets2-300x200.png\" alt=\"\" width=\"300\" height=\"200\" srcset=\"https:\/\/therapieparlejeu.org\/wp-content\/uploads\/2022\/11\/puppets2-300x200.png 300w, https:\/\/therapieparlejeu.org\/wp-content\/uploads\/2022\/11\/puppets2.png 450w\" sizes=\"(max-width: 300px) 100vw, 300px\" \/>o Marionnettes<\/strong><br \/>\nL\u2019utilisation des marionnettes \u00e0 des vertus th\u00e9rapeutiques car les enfants sont r\u00e9ceptifs\u00a0\u00e0 l\u2019imaginaire port\u00e9 par des figurines qu\u2019ils fa\u00e7onnent eux-m\u00eames, et peuvent \u00e0 cette\u00a0occasion, verbaliser de fa\u00e7on indirecte mais souvent limpide, leur difficult\u00e9 d\u2019\u00eatre.<\/p>\n<p>&nbsp;<\/p>\n<p>&nbsp;<\/p>\n<p><strong><img decoding=\"async\" loading=\"lazy\" class=\"alignleft wp-image-569 size-medium\" src=\"http:\/\/therapieparlejeu.org\/wp-content\/uploads\/2022\/11\/musique-300x209.jpeg\" alt=\"\" width=\"300\" height=\"209\" srcset=\"https:\/\/therapieparlejeu.org\/wp-content\/uploads\/2022\/11\/musique-300x209.jpeg 300w, https:\/\/therapieparlejeu.org\/wp-content\/uploads\/2022\/11\/musique-1024x713.jpeg 1024w, https:\/\/therapieparlejeu.org\/wp-content\/uploads\/2022\/11\/musique-768x535.jpeg 768w, https:\/\/therapieparlejeu.org\/wp-content\/uploads\/2022\/11\/musique-1536x1070.jpeg 1536w, https:\/\/therapieparlejeu.org\/wp-content\/uploads\/2022\/11\/musique-2048x1427.jpeg 2048w\" sizes=\"(max-width: 300px) 100vw, 300px\" \/>o Musique<\/strong><br \/>\nLe but principal est de faire avancer l\u2019enfant dans leur d\u00e9veloppement, donc ce n\u2019est pas\u00a0la performance qui importe. La musique est au service du d\u00e9veloppement de l\u2019enfant et\u00a0non l\u2019enfant au service de la musique.<\/p>\n<p>&nbsp;<\/p>\n<p>&nbsp;<\/p>\n<p>&nbsp;<\/p>\n<p><strong><img decoding=\"async\" loading=\"lazy\" class=\"size-medium wp-image-596 alignleft\" src=\"http:\/\/therapieparlejeu.org\/wp-content\/uploads\/2022\/12\/mouvementcrop-300x194.png\" alt=\"\" width=\"300\" height=\"194\" srcset=\"https:\/\/therapieparlejeu.org\/wp-content\/uploads\/2022\/12\/mouvementcrop-300x194.png 300w, https:\/\/therapieparlejeu.org\/wp-content\/uploads\/2022\/12\/mouvementcrop-768x497.png 768w, https:\/\/therapieparlejeu.org\/wp-content\/uploads\/2022\/12\/mouvementcrop.png 826w\" sizes=\"(max-width: 300px) 100vw, 300px\" \/><br \/>\no Mouvement<\/strong><br \/>\nLe non-verbal nous renseigne de mani\u00e8re g\u00e9n\u00e9rale sur l\u2019\u00e9tat \u00e9motionnel et affectif des\u00a0enfants et donc de leurs r\u00e9actions. Gr\u00e2ce au mouvement, nous percevons les affects qui\u00a0se cachent derri\u00e8re les mots.<\/p>\n<p>&nbsp;<\/p>\n<p>&nbsp;<\/p>\n<p><strong><img decoding=\"async\" loading=\"lazy\" class=\"alignleft wp-image-551 size-medium\" src=\"http:\/\/therapieparlejeu.org\/wp-content\/uploads\/2022\/11\/Therap-Story-300x295.jpg\" alt=\"\" width=\"300\" height=\"295\" srcset=\"https:\/\/therapieparlejeu.org\/wp-content\/uploads\/2022\/11\/Therap-Story-300x295.jpg 300w, https:\/\/therapieparlejeu.org\/wp-content\/uploads\/2022\/11\/Therap-Story-60x60.jpg 60w, https:\/\/therapieparlejeu.org\/wp-content\/uploads\/2022\/11\/Therap-Story.jpg 505w\" sizes=\"(max-width: 300px) 100vw, 300px\" \/>o Histoire th\u00e9rapeutique<\/strong><br \/>\nLes histoires th\u00e9rapeutiques sont recommand\u00e9es pour faire face \u00e0 des moments\u00a0difficiles.\u00a0Ils sont con\u00e7us de mani\u00e8re \u00e0 aider les enfants \u00e0 traverser les petites et grandes\u00a0\u00e9preuves du quotidien. Ils utilisent souvent des symboles et des m\u00e9taphores et ne\u00a0s&#8217;adressent pas directement aux fonctions rationnelles ou analytiques.<\/p>\n<p>&nbsp;<\/p>\n<p>&nbsp;<\/p>\n<p>&nbsp;<\/p>\n<p>&nbsp;<\/p>\n<p>&nbsp;<\/p>\n<p><img decoding=\"async\" loading=\"lazy\" class=\"size-medium wp-image-594 alignleft\" src=\"http:\/\/therapieparlejeu.org\/wp-content\/uploads\/2022\/12\/visua-creav2-300x169.jpeg\" alt=\"\" width=\"300\" height=\"169\" srcset=\"https:\/\/therapieparlejeu.org\/wp-content\/uploads\/2022\/12\/visua-creav2-300x169.jpeg 300w, https:\/\/therapieparlejeu.org\/wp-content\/uploads\/2022\/12\/visua-creav2-1024x576.jpeg 1024w, https:\/\/therapieparlejeu.org\/wp-content\/uploads\/2022\/12\/visua-creav2-768x432.jpeg 768w, https:\/\/therapieparlejeu.org\/wp-content\/uploads\/2022\/12\/visua-creav2-1536x864.jpeg 1536w, https:\/\/therapieparlejeu.org\/wp-content\/uploads\/2022\/12\/visua-creav2.jpeg 1700w\" sizes=\"(max-width: 300px) 100vw, 300px\" \/><\/p>\n<p><strong>o Visualisation cr\u00e9atrice<\/strong><br \/>\nL\u2019imagerie guid\u00e9e implique un l\u00e2cher-prise, et permet aux enfants de renforcer leur\u00a0capacit\u00e9 progressive \u00e0 d\u00e9laisser doucement les tensions physiques et mentales, \u00e0\u00a0att\u00e9nuer la d\u00e9pression et l\u2019anxi\u00e9t\u00e9.<\/p>\n","protected":false},"excerpt":{"rendered":"<p>Les m\u00e9dias du jeu et des arts cr\u00e9atifs Notre formation a pour objectif la ma\u00eetrise de l&#8217;utilisation d&#8217;une palette large et vari\u00e9e, car elle permet \u00e0 chaque enfant de personnalit\u00e9 et de\u00a0sensibilit\u00e9 uniques de trouver son int\u00e9r\u00eat propre. o Jeu &hellip; <\/p>\n","protected":false},"author":1,"featured_media":0,"parent":0,"menu_order":0,"comment_status":"closed","ping_status":"closed","template":"","meta":[],"yoast_head":"<!-- This site is optimized with the Yoast SEO plugin v18.0 - https:\/\/yoast.com\/wordpress\/plugins\/seo\/ -->\n<title>M\u00e9dias cr\u00e9atifs - Formation Th\u00e9rapie par le jeu France<\/title>\n<meta name=\"description\" content=\"L&#039;utilisation des m\u00e9dias cr\u00e9atifs en ludoth\u00e9rapie: jeu de sable, argile, musique, histoire th\u00e9rapeutique, art th\u00e9rapeutique.\" \/>\n<meta name=\"robots\" content=\"index, follow, max-snippet:-1, max-image-preview:large, max-video-preview:-1\" \/>\n<link rel=\"canonical\" href=\"http:\/\/therapieparlejeu.org\/index.php\/media-creatifs\/\" \/>\n<meta property=\"og:locale\" content=\"en_US\" \/>\n<meta property=\"og:type\" content=\"article\" \/>\n<meta property=\"og:title\" content=\"M\u00e9dias cr\u00e9atifs - Formation Th\u00e9rapie par le jeu France\" \/>\n<meta property=\"og:description\" content=\"L&#039;utilisation des m\u00e9dias cr\u00e9atifs en ludoth\u00e9rapie: jeu de sable, argile, musique, histoire th\u00e9rapeutique, art th\u00e9rapeutique.\" \/>\n<meta property=\"og:url\" content=\"http:\/\/therapieparlejeu.org\/index.php\/media-creatifs\/\" \/>\n<meta property=\"og:site_name\" content=\"Formation Th\u00e9rapie par le jeu France\" \/>\n<meta property=\"article:modified_time\" content=\"2022-12-01T17:12:18+00:00\" \/>\n<meta property=\"og:image\" content=\"http:\/\/therapieparlejeu.org\/wp-content\/uploads\/2022\/11\/sandplay-resource-300x140.jpeg\" \/>\n<meta name=\"twitter:card\" content=\"summary_large_image\" \/>\n<meta name=\"twitter:label1\" content=\"Est. reading time\" \/>\n\t<meta name=\"twitter:data1\" content=\"3 minutes\" \/>\n<script type=\"application\/ld+json\" class=\"yoast-schema-graph\">{\"@context\":\"https:\/\/schema.org\",\"@graph\":[{\"@type\":\"WebSite\",\"@id\":\"https:\/\/therapieparlejeu.org\/#website\",\"url\":\"https:\/\/therapieparlejeu.org\/\",\"name\":\"Formation Th\u00e9rapie par le jeu France\",\"description\":\"\",\"potentialAction\":[{\"@type\":\"SearchAction\",\"target\":{\"@type\":\"EntryPoint\",\"urlTemplate\":\"https:\/\/therapieparlejeu.org\/?s={search_term_string}\"},\"query-input\":\"required name=search_term_string\"}],\"inLanguage\":\"en-US\"},{\"@type\":\"ImageObject\",\"@id\":\"http:\/\/therapieparlejeu.org\/index.php\/media-creatifs\/#primaryimage\",\"inLanguage\":\"en-US\",\"url\":\"http:\/\/therapieparlejeu.org\/wp-content\/uploads\/2022\/11\/sandplay-resource-300x140.jpeg\",\"contentUrl\":\"http:\/\/therapieparlejeu.org\/wp-content\/uploads\/2022\/11\/sandplay-resource-300x140.jpeg\"},{\"@type\":\"WebPage\",\"@id\":\"http:\/\/therapieparlejeu.org\/index.php\/media-creatifs\/#webpage\",\"url\":\"http:\/\/therapieparlejeu.org\/index.php\/media-creatifs\/\",\"name\":\"M\u00e9dias cr\u00e9atifs - Formation Th\u00e9rapie par le jeu France\",\"isPartOf\":{\"@id\":\"https:\/\/therapieparlejeu.org\/#website\"},\"primaryImageOfPage\":{\"@id\":\"http:\/\/therapieparlejeu.org\/index.php\/media-creatifs\/#primaryimage\"},\"datePublished\":\"2022-11-21T11:29:14+00:00\",\"dateModified\":\"2022-12-01T17:12:18+00:00\",\"description\":\"L'utilisation des m\u00e9dias cr\u00e9atifs en ludoth\u00e9rapie: jeu de sable, argile, musique, histoire th\u00e9rapeutique, art th\u00e9rapeutique.\",\"breadcrumb\":{\"@id\":\"http:\/\/therapieparlejeu.org\/index.php\/media-creatifs\/#breadcrumb\"},\"inLanguage\":\"en-US\",\"potentialAction\":[{\"@type\":\"ReadAction\",\"target\":[\"http:\/\/therapieparlejeu.org\/index.php\/media-creatifs\/\"]}]},{\"@type\":\"BreadcrumbList\",\"@id\":\"http:\/\/therapieparlejeu.org\/index.php\/media-creatifs\/#breadcrumb\",\"itemListElement\":[{\"@type\":\"ListItem\",\"position\":1,\"name\":\"Accueil\",\"item\":\"https:\/\/therapieparlejeu.org\/\"},{\"@type\":\"ListItem\",\"position\":2,\"name\":\"M\u00e9dias cr\u00e9atifs\"}]}]}<\/script>\n<!-- \/ Yoast SEO plugin. -->","yoast_head_json":{"title":"M\u00e9dias cr\u00e9atifs - Formation Th\u00e9rapie par le jeu France","description":"L'utilisation des m\u00e9dias cr\u00e9atifs en ludoth\u00e9rapie: jeu de sable, argile, musique, histoire th\u00e9rapeutique, art th\u00e9rapeutique.","robots":{"index":"index","follow":"follow","max-snippet":"max-snippet:-1","max-image-preview":"max-image-preview:large","max-video-preview":"max-video-preview:-1"},"canonical":"http:\/\/therapieparlejeu.org\/index.php\/media-creatifs\/","og_locale":"en_US","og_type":"article","og_title":"M\u00e9dias cr\u00e9atifs - Formation Th\u00e9rapie par le jeu France","og_description":"L'utilisation des m\u00e9dias cr\u00e9atifs en ludoth\u00e9rapie: jeu de sable, argile, musique, histoire th\u00e9rapeutique, art th\u00e9rapeutique.","og_url":"http:\/\/therapieparlejeu.org\/index.php\/media-creatifs\/","og_site_name":"Formation Th\u00e9rapie par le jeu France","article_modified_time":"2022-12-01T17:12:18+00:00","og_image":[{"url":"http:\/\/therapieparlejeu.org\/wp-content\/uploads\/2022\/11\/sandplay-resource-300x140.jpeg"}],"twitter_card":"summary_large_image","twitter_misc":{"Est. reading time":"3 minutes"},"schema":{"@context":"https:\/\/schema.org","@graph":[{"@type":"WebSite","@id":"https:\/\/therapieparlejeu.org\/#website","url":"https:\/\/therapieparlejeu.org\/","name":"Formation Th\u00e9rapie par le jeu France","description":"","potentialAction":[{"@type":"SearchAction","target":{"@type":"EntryPoint","urlTemplate":"https:\/\/therapieparlejeu.org\/?s={search_term_string}"},"query-input":"required name=search_term_string"}],"inLanguage":"en-US"},{"@type":"ImageObject","@id":"http:\/\/therapieparlejeu.org\/index.php\/media-creatifs\/#primaryimage","inLanguage":"en-US","url":"http:\/\/therapieparlejeu.org\/wp-content\/uploads\/2022\/11\/sandplay-resource-300x140.jpeg","contentUrl":"http:\/\/therapieparlejeu.org\/wp-content\/uploads\/2022\/11\/sandplay-resource-300x140.jpeg"},{"@type":"WebPage","@id":"http:\/\/therapieparlejeu.org\/index.php\/media-creatifs\/#webpage","url":"http:\/\/therapieparlejeu.org\/index.php\/media-creatifs\/","name":"M\u00e9dias cr\u00e9atifs - Formation Th\u00e9rapie par le jeu France","isPartOf":{"@id":"https:\/\/therapieparlejeu.org\/#website"},"primaryImageOfPage":{"@id":"http:\/\/therapieparlejeu.org\/index.php\/media-creatifs\/#primaryimage"},"datePublished":"2022-11-21T11:29:14+00:00","dateModified":"2022-12-01T17:12:18+00:00","description":"L'utilisation des m\u00e9dias cr\u00e9atifs en ludoth\u00e9rapie: jeu de sable, argile, musique, histoire th\u00e9rapeutique, art th\u00e9rapeutique.","breadcrumb":{"@id":"http:\/\/therapieparlejeu.org\/index.php\/media-creatifs\/#breadcrumb"},"inLanguage":"en-US","potentialAction":[{"@type":"ReadAction","target":["http:\/\/therapieparlejeu.org\/index.php\/media-creatifs\/"]}]},{"@type":"BreadcrumbList","@id":"http:\/\/therapieparlejeu.org\/index.php\/media-creatifs\/#breadcrumb","itemListElement":[{"@type":"ListItem","position":1,"name":"Accueil","item":"https:\/\/therapieparlejeu.org\/"},{"@type":"ListItem","position":2,"name":"M\u00e9dias cr\u00e9atifs"}]}]}},"_links":{"self":[{"href":"https:\/\/therapieparlejeu.org\/index.php\/wp-json\/wp\/v2\/pages\/350"}],"collection":[{"href":"https:\/\/therapieparlejeu.org\/index.php\/wp-json\/wp\/v2\/pages"}],"about":[{"href":"https:\/\/therapieparlejeu.org\/index.php\/wp-json\/wp\/v2\/types\/page"}],"author":[{"embeddable":true,"href":"https:\/\/therapieparlejeu.org\/index.php\/wp-json\/wp\/v2\/users\/1"}],"replies":[{"embeddable":true,"href":"https:\/\/therapieparlejeu.org\/index.php\/wp-json\/wp\/v2\/comments?post=350"}],"version-history":[{"count":12,"href":"https:\/\/therapieparlejeu.org\/index.php\/wp-json\/wp\/v2\/pages\/350\/revisions"}],"predecessor-version":[{"id":597,"href":"https:\/\/therapieparlejeu.org\/index.php\/wp-json\/wp\/v2\/pages\/350\/revisions\/597"}],"wp:attachment":[{"href":"https:\/\/therapieparlejeu.org\/index.php\/wp-json\/wp\/v2\/media?parent=350"}],"curies":[{"name":"wp","href":"https:\/\/api.w.org\/{rel}","templated":true}]}}